) = -o**3 + 7*o**2 + 12*o - 7. Determine y(u).
-61
Let w(m) be the second derivative of -3*m - 12 + 1/6*m**3 + 1/2*m**2 - 1/20*m**5 + 0*m**4. Determine w(-1).
1
Suppose -4*x - 23 = 5*l, 56*x + 3 = 59*x - 3*l. Let s(a) = 2*a**3 - a**2 - 5*a - 7. Give s(x).
-17
Let w(r) = 2*r**2 + 7*r - 10. Let f be w(3). Let z = f - 29. Let n(l) = -5*l**2 + z - 48*l**3 - 2 + 49*l**3 - 1. What is n(5)?
-3
Let a(f) = -437 + 674 - 428 - 10*f. Give a(-19).
-1
Suppose 9*s - 8*s = 146. Suppose 2*h + s = 4*h. Let z = 80 - h. Let r(u) = u + 5. Give r(z).
12
Let g(r) = -r**2 + 11*r - 3. Suppose 1107 = 136*j - 9*j + 218. Determine g(j).
25
Let g(b) be the first derivative of -4/3*b**3 + 2*b**2 + 8 - 1/4*b**4 - 3*b. Let z = 800 - 804. Determine g(z).
-19
Let k(d) be the first derivative of -d**4/4 + 2*d**3 + 5*d**2 - 5*d - 402. Determine k(7).
16
Suppose 15 = 11*j - 51. Let o(u) be the first derivative of -1/3*u**3 - 4*u + 2*u**2 - 14. What is o(j)?
-16
Let y(t) = -2*t + 3. Suppose -814 = 2*n - 796. Calculate y(n).
21
Let p(z) = 94*z - 572. Let u be p(6). Let h(c) be the second derivative of c**5/20 + 2*c**4/3 - c**3/2 - 6*c**2 + 5*c. Calculate h(u).
12
Let i(w) = -w + 7. Let q be i(5). Let y(z) = 22*z + 2295*z**2 - 2295*z**2 - 2*z**3 - 23*z. Calculate y(q).
-18
Let l(m) be the second derivative of -249*m - 11/2*m**2 + 1/20*m**5 + 3/2*m**3 - 1/2*m**4 + 0. What is l(5)?
9
Let w(d) = -7 - 12 - 25 + 56126*d - 56128*d. What is w(-28)?
12
Let v(c) be the second derivative of c**5/20 - 11*c**4/3 + 79*c**3/6 + 104*c**2 + c - 144. Determine v(42).
-2
Suppose 9*r + 422 - 1448 = 0. Suppose -90 + r = 4*s. Let g(p) = -p**2 + 2*p + 7. Calculate g(s).
-17
Let c(f) = -3*f. Let p(r) = 14 - 28*r**3 + 32*r + 61*r**3 - 32*r**3 + 9 - 19*r**2. Let y(n) = -5*c(n) - p(n). Calculate y(18).
-5
Let g(f) = 2 - 66*f**2 - f - f**3 - 62*f**2 + 129*f**2. Let i be g(2). Let y(u) = -u**2 - 3*u + 7. Give y(i).
3
Let s(b) = 2*b + 4. Let g(f) = 3*f + 9. Let m(h) = 3*g(h) - 7*s(h). Let w be m(1). Let l be 8/16 + 33/w. Let a(u) = -u**3 - 3*u**2 + 5*u - 7. Calculate a(l).
18
Let c(n) be the third derivative of n**6/120 + 7*n**5/60 + 11*n**4/24 + n**3/3 - n**2 + 7*n - 2. Calculate c(-5).
-3
Let t be 3/((-6)/44) + -114 + 127. Let j(h) = 2*h**2 + 2*h**2 + 3 - 3*h**2 + 8*h. Calculate j(t).
12
Let c(h) be the second derivative of 4/3*h**3 - 127*h - 7/2*h**2 - 1/12*h**4 + 0. Give c(8).
-7
Let i = -53 - -57. Let k(s) = 126*s - 5 + 2 + i*s**2 - 123*s + 1. What is k(1)?
5
Let u(d) = 3*d - 32. Let a be 11 - (16 - 0) - (4 + -21). Determine u(a).
4
Let p(n) = 2*n**2 - n + 1. Let r(j) = j**3 - 5*j**2 + 5*j - 9. Let z be r(4). Let g(q) = -5*q - 27. Let v be g(z). Calculate p(v).
11
Suppose -2*x + 57 = 6*k - k, 0 = 3*x + 4*k - 68. Suppose -2*d + 0*u = 4*u + 4, -3*d - x = u. Let n = d - -10. Let l(h) = h**2 - h + 3. What is l(n)?
15
Let c(d) = d**2 - 5*d + 3. Let m be (-70 - -1)/(-3) - 6. Suppose -39 = 4*l - m*l. Calculate c(l).
-3
Let y(p) = p**3 + 3*p**2 + 86*p + 357. Let t be y(-4). Let c(h) be the first derivative of h**4/4 + 2*h**3/3 - h**2/2 + 5*h - 1. What is c(t)?
-1
Let k(x) be the second derivative of -10*x**4/3 + 3*x**3/2 - 9*x**2/2 - 8620*x. Determine k(1).
-40
Let r be (-14)/10*2*(104/(-16) - -4). Let w(a) = a**3 - 5*a**2 - 7*a - 4. What is w(r)?
45
Let w(z) = 22*z + 31. Suppose 0 = -72*f + 952 - 1240. Give w(f).
-57
Suppose -3*m + 16 = 4*z, -2*m = -4*z + z + 12. Suppose -122 = 58*o - 223 - 711. Let u(a) = -z*a + o*a - 7*a + 4. Determine u(-3).
-5
Let o(r) = -4*r**3 + r**2 + r + 1. Let b = 6 - 17. Let w(f) = -f**3 - 9*f**2 + 20*f - 17. Let d be w(b). Suppose 0 = -d*z - 3*z - 8. Give o(z).
5
Let h be -6 - -3 - (-27 - -20). Suppose -h*u + 1365 = 1393. Let m(g) = -g**3 - 5*g**2 + 5*g - 9. What is m(u)?
54
Let j(l) = -2. Let d(p) = -2*p + 46. Let z(k) = -2*d(k) - 44*j(k). Let s be 43 + -2 - (-8)/6*3. Suppose 0 = 40*a - s*a + 25. Calculate z(a).
16
Let i(p) = -5*p**2 - p**2 + 113 - 7*p + p**3 - 85 + 7*p**2 + 20*p. Give i(-2).
-2
Let a = -640 - -664. Let t(k) = -k**3 + 25*k**2 - 24*k + 12. What is t(a)?
12
Let u(m) = m - 24. Let y(t) = 5. Let x(q) = -2*u(q) - 11*y(q). Let k = -18754 + 18749. Calculate x(k).
3
Let z(j) be the first derivative of 4*j**3 + j**2 - 855. Determine z(-1).
10
Suppose 213 = -4*j - 191. Let d = -95 - j. Let n(c) = 8*c**3 + 6*c**2 - 4 - 9*c**3 - d*c + c**2. What is n(6)?
-4
Let l = -534 + 537. Suppose -10*m - 47 - l = 0. Let d(h) = h**2 + 4*h + 2. What is d(m)?
7
Let l = -42215/2 + 21109. Let p(u) be the first derivative of 17 + l*u**2 + 0*u. Calculate p(-1).
-3
Suppose 2*y - 2*g - 12 = 0, 95*y - 94*y = -4*g - 4. Let n(i) = 22*i - 85. Determine n(y).
3
Let s(j) = -2*j**3 + 7*j**2 - 2*j - 2. Suppose -254 = -18*u - 218. Give s(u).
6
Let t(a) = -a**3 + 8*a**2 - 16*a + 5. Let b be (5 - (-52)/(-8))*(1 - 3). Suppose -3*n + 3*c + 12 = 0, -b*n + 5*c - 4*c = -14. Determine t(n).
0
Let q(j) = -10*j - 82. Let r(k) = -k**2 + 128*k - 3428. Let u be r(90). Calculate q(u).
-2
Let u(n) be the first derivative of n**2 - 31*n + 45. Calculate u(21).
11
Let m = -1 - -1. Suppose 1 + m = h. Let g(w) be the third derivative of -7*w**6/120 - w**5/60 + w**3/6 - 18924*w**2 + 3. Determine g(h).
-7
Let m(i) = 47*i**2 - 2*i - 4 - 1 + 30*i**2 - 75*i**2 - 2 - i. Let s(u) = 5*u**2 + 2*u + 1. Let l be s(-1). What is m(l)?
13
Let b(z) = -12*z - 17. Suppose 2 + 8 = -5*j + 5*s, -2*s = 0. Calculate b(j).
7
Let m(k) be the first derivative of 8*k**2 + 142*k + 2308. Determine m(-9).
-2
Let f(x) = -x**3 + 14*x**2 - 39*x + 68. Let a = 9927 - 9916. Determine f(a).
2
Let d(l) be the third derivative of l**6/120 + l**5/5 + 3*l**4/4 + 3*l**3/2 - 31*l**2 + 9*l. Calculate d(-10).
29
Suppose 2*b = 12*o - 11*o - 15, b + 5 = 0. Let w(z) be the first derivative of z**2 - 2*z + 111. What is w(o)?
8
Let n(c) = -2*c + 6. Suppose -7*u - 149 = -135. Let z be (u - -6)*(-1 + 2). Calculate n(z).
-2
Let s be (0 - 13) + (-12 - -13) + -1. Let z(y) = 2*y**3 + 26*y**2 + 14. What is z(s)?
14
Let f(c) = 2*c + 18*c**3 - 17*c**3 - 4*c**2 - 3*c. Suppose 70 = 5*d - 7*d. Let l = 38 + d. Determine f(l).
-12
Let k(j) = j - 24. Let t(r) = r - 30. Let c(p) = -4*k(p) + 3*t(p). Let u be (-1)/((-3)/12 - (-6)/56). Calculate c(u).
-1
Let h(o) be the first derivative of -o**4/4 + 2*o**3 + 3*o**2/2 - 5*o - 318. Calculate h(7).
-33
Let g(p) = p**3 - 97 + 13*p + 5*p**2 + 3*p**2 + 97. Determine g(-4).
12
Let g(b) be the second derivative of -b**4/4 + 2*b**3/3 - b**2 - 65*b + 2. Suppose -o + 5 + 7 = -4*u, -3*o = 4*u - 4. Calculate g(o).
-34
Let v(c) be the second derivative of -c**6/360 + c**5/120 + 13*c**4/12 - c**3/3 - 7*c**2/2 + 16*c. Let j(b) be the second derivative of v(b). Give j(0).
26
Let h(a) = -4*a + 2. Suppose 428 = 5*c + d, -3*c + 124 = 5*d - 124. Suppose 4*t - 2*f = -5*f + 109, -3*t + 2*f + c = 0. Suppose 10*v - t = -4*v. Calculate h(v).
-6
Let j(o) = 146038 - 146039 - o + 4*o + 6*o**3 + o**3. Give j(2).
61
Let l = 3019 + -3028. Let o be -1 - -2 - 4/2. Let c be (l/(-3))/o + (-1 - -10). Let m(f) = -f**2 + 3*f - 2. Determine m(c).
-20
Suppose 3*g + 5*g - 56 = 0. Suppose 1 = g*m - 13. Suppose -13*r = -m*r + 55. Let q(z) = -2*z - 3. Give q(r).
7
Let f(i) be the second derivative of i**4/12 + 2*i**3 + 15*i**2/2 + 86*i - 9. Determine f(-11).
4
Suppose 2405 - 7430 = 15*z. Let h = z - -332. Let x(q) = 6*q - 2. Give x(h).
-20
Suppose 14 = -y - 4*n, -30*y - 12 = -27*y + 2*n. Let o(w) = 3*w - 1. Let h(g) = 5*g + 4. Let m(v) = y*o(v) + h(v). Determine m(-9).
15
Let m(o) = -17*o**2 - 5*o - 8. Let b(n) = -13*n**2 - 4*n - 6. Let t(q) = -4*b(q) + 3*m(q). What is t(-4)?
12
Let f(o) = o**2 + 13*o + 7. Let a be f(-13). Suppose u - 16 = -a*u. Let x(n) = -3*n - n**3 + 4*n**2 + 8*n**2 + 1 - 8*n**2 - 2*n**u. Calculate x(2).
-5
Let r(d) = -d**2 + 54*d + 58. Let m be r(55). Let j(p) be the third derivative of 0*p - 1/6*p**m + 14*p**2 + 0*p**4 - 1/10*p**5 + 0. Give j(1).
-7
Let y(h) = 14*h**2 - 1502 - 1508 + 3021 + 6*h. Calculate y(-2).
55
Let g(v) = 4*v + 20. Let m = -3418 - -3401. Give g(m).
-48
Suppose 29050*s + 147 = 29029*s. Let n(p) = -2*p**3 - 14*p**2 + 3*p + 15. Determine n(s).
-6
Suppose -23*b = -153 - 744. Suppose -12*t = -b*t + 81. Let w(u) = -u**2 - u + 7. What is w(t)?
-5
Let q(g) be the second derivative of g**7/2520 - 7*g**6/720 + g**5/120 - 119*g**4/6 - g - 79. Let p(s) b